t g(x) = -x**2 - 2*x + 1. Let n be g(h). Let w(u) = -3*u**3 - u**2 + u. What is the tens digit of w(n)?
1
Let r(m) = 13*m - 3. Let b be r(5). Suppose -8*o + 2*o + 18 = 0. Suppose -o*w + w = -b. What is the tens digit of w?
3
Suppose 9 + 3 = -4*y, 3*p - 39 = 2*y. Let q(c) = c**2 - 3*c + 8. What is the units digit of q(p)?
6
Let v(w) = 102*w + 9. Let z be v(-2). Let f = 433 + z. What is the units digit of f?
8
Suppose 4*r + 13 = 45. Let t = -8 + r. What is the units digit of 28 + -1 + t/4?
7
Suppose -68*r + 51*r + 1700 = 0. What is the units digit of r?
0
Let z(o) = -o**2 - 11*o - 12. Suppose 10 = -5*q + 40. Suppose q*w = 5*a + w + 50, 0 = -5*w + 5. What is the units digit of z(a)?
6
Let d(g) = g**2 - g - 54. Let w = 112 - 128. What is the units digit of d(w)?
8
Let o(h) = 13*h - 30. Let a be o(7). Let u = 230 + a. What is the tens digit of u?
9
Suppose 3097*y + 8992 = 3101*y. What is the hundreds digit of y?
2
What is the hundreds digit of (-305)/50*-88 - 3/(-15)?
5
Suppose 1073 = 15*r + 4433. Let g = r + 469. What is the hundreds digit of g?
2
Let y(i) = 4*i - 32. Let q be y(9). Suppose -2*m - q*s = -262, 0 = m - 3*s - 70 - 81. What is the units digit of m?
9
Suppose 7*z = 3*z + 48. Suppose -13*l = -z*l - 69. What is the units digit of l?
9
Suppose -2*m = 2*r - 12, 2*m - 1 = r + 5. Suppose 3*d + r*d - 300 = 0. Suppose -5*n + n = -d. What is the tens digit of n?
1
Let r be -4*(2*20/32 + -2). Suppose -h + 3*f - 294 = -4*h, 284 = r*h - 2*f. What is the tens digit of h?
9
Let b be (-4 - -4)/3 + 0 + 2. What is the units digit of (-84)/(-3) - b - (-8 - -12)?
2
Suppose -5 = 4*n - 5*n, 0 = u - 2*n + 30. Suppose 0 = -3*x + 8*j - 4*j + 315, 0 = -5*j. What is the units digit of x/(-6)*32/u?
8
Let v = 1240 - -1077. What is the hundreds digit of v?
3
What is the units digit of (-6 + 2 - (-56)/6)*108?
6
Suppose -2*p + 48*j + 1624 = 51*j, -p + 810 = 2*j. What is the hundreds digit of p?
8
Let y = -206 + 1282. What is the tens digit of y?
7
Suppose -62 - 679 = -3*w. Suppose 2*y + w = 3*l, -2*l - 4*y - 33 + 171 = 0. What is the units digit of l?
9
Let x(c) be the second derivative of -c**3/2 - 17*c**2/2 + 2*c. Let b be x(-13). Suppose 4*d - 66 = d - 4*n, -d + 4*n = -b. What is the units digit of d?
2
Suppose 905 + 375 = 4*h. Suppose 3*a + 2*a - h = 0. What is the units digit of a?
4
Suppose -2*t - 80400 = -26*t. What is the tens digit of t?
5
Let t(m) = -7 + 2*m**2 - 2 + 31*m - 13*m - 27. What is the hundreds digit of t(-16)?
1
Suppose -17641 - 19799 = -52*z. What is the units digit of z?
0
What is the hundreds digit of 240/120 - (-935)/1?
9
Suppose u = 4*r + 12, 2*u + 9 = 4*u - 3*r. Suppose c + 5*b - 11 = u, 5*c - 172 + 33 = 3*b. What is the units digit of 4/c + 1032/52?
0
Let t(k) = 88*k**2 + 86*k - 404. What is the thousands digit of t(5)?
2
Suppose 0 = -3*l + l + 24. Suppose 2*m + m = l. Suppose m*c = 68 + 52. What is the units digit of c?
0
Suppose 4526*q - 4518*q = 30280. What is the thousands digit of q?
3
Let t = -790 - -1178. What is the units digit of t?
8
Let p(y) = -52*y + 64. What is the hundreds digit of p(-11)?
6
Suppose -794*u + 7728 = -782*u. What is the tens digit of u?
4
What is the tens digit of 5/(55/19162) + 7?
4
Suppose -q - 83 = 25. Let y be q/(-16)*64/6. Suppose -j = 2*j - y. What is the units digit of j?
4
Let t be 2/((-2)/1) + 5. Suppose -4 = -4*a, x = -3*x - t*a - 20. What is the units digit of 23 - (x + (3 - 1))?
7
Let u = -6103 - -9741. What is the thousands digit of u?
3
Suppose -3*a = o - 3065, 2*o + 3*a - 6622 = -501. What is the hundreds digit of o?
0
Let a(p) = 2*p + 2 - p**2 + 0 - 1 - 11*p**3 + 3*p**3. What is the units digit of a(-2)?
7
Let y(w) be the first derivative of w**4/4 - 3*w**3 - w**2 - 12*w - 17. What is the units digit of y(10)?
8
Let y(g) = -g - 10. Let w be y(-10). Suppose w = -3*h - h + 180. Suppose 2*p = 4*p - 5*f - 108, 2*f - h = -p. What is the units digit of p?
9
Let l(z) = z**2 + 19*z + 28. Let b be l(-6). Let d = b - -101. What is the units digit of d?
1
What is the hundreds digit of 70/14 - (-878)/2?
4
Let m = -51 - -53. Suppose -g + 34 = 4*v - 111, -m*v - 2 = 0. What is the hundreds digit of g?
1
Suppose 0 = 28*t - 12*t - 36256. What is the units digit of t?
6
Suppose 2*y + i - 4433 = 0, y + 5*i = -2*i + 2236. What is the thousands digit of y?
2
Let c(s) = -3*s + 7. Let f be (-39)/(-1) - (2 + 2). Suppose 3*d + d - 3*x = -f, -4*x + 4 = 0. What is the tens digit of c(d)?
3
Let h = 29 - 24. Suppose 3*l + l - 1072 = -2*r, l - h*r = 268. What is the hundreds digit of l?
2
Let n(v) = 706*v - 47. What is the units digit of n(3)?
1
Let p(b) = -2 - 10*b + 17*b + 0*b. Let a be p(1). Suppose i - u = a*i - 102, 4*i + 3*u = 98. What is the units digit of i?
6
Let y = -526 - -1544. What is the hundreds digit of y?
0
Let u = -76 - -449. What is the hundreds digit of u?
3
Let j(f) = -f**2 + 6*f + 2. Let p be j(6). Suppose -p*t + 37 = 3*w - 0*w, 0 = -5*t + 25. Let g(c) = -c + 11. What is the units digit of g(w)?
2
Let i = 361 - -186. What is the tens digit of i?
4
Let a(c) = c**3 - 9*c**2 + 12*c - 7. Let g be a(8). Suppose 0 = -z + 155 - g. Suppose 0 = 4*i + 3*w - z, w + 161 = 5*i + 4*w. What is the tens digit of i?
3
Let l(b) be the first derivative of b**2/2 + b + 1. Let j = -8 + 10. What is the units digit of l(j)?
3
Suppose x + 5*t + 37 + 13 = 0, -5*x - 292 = 4*t. What is the tens digit of (-3 + (-45)/(-25))*x?
7
Suppose y = n + 119 + 108, 4*n + 444 = 2*y. What is the tens digit of y?
3
Suppose 4*y = 8967 + 557. What is the hundreds digit of y?
3
Let t = 15 + -11. Suppose -2*i - 2 = -t*i. Let x(b) = 10*b**3 + b**2. What is the tens digit of x(i)?
1
Suppose 2*f - 3*u - 4384 = 0, -17*f = -12*f + u - 10960. What is the tens digit of f?
9
Let w be (-16)/20*(-30)/4. Let l(b) = -b**2 + 2*b + 1. Let p be l(w). Let v = p + 60. What is the tens digit of v?
3
Suppose 36 = 13*a - 4*a. Suppose 10*j - 5*j - 858 = -4*t, 0 = a*j + t - 682. What is the units digit of j?
0
Let v(a) = 2*a**3 - 43*a**2 - 2*a - 48. What is the tens digit of v(22)?
9
Let a(s) = 7*s**2 - 78*s - 9. Let b be a(12). Let q be 5*(3 - (-4)/(-2)). Suppose 3*k - 69 = g, 2*g = -3*k + q*g + b. What is the units digit of k?
4
Suppose 572 = t + t - 2*b, 3*b = -5*t + 1422. Suppose -o - t - 319 = -5*y, -4*y + 482 = -2*o. What is the tens digit of y?
2
Suppose 3*v + 2*k = -4, -12 = 3*v - 3*k + 12. Let z be -2 - (0 - (-48)/v). Let l(a) = a**2 - 5*a + 8. What is the units digit of l(z)?
8
Let d be 6/(-4) + (-19)/2. Let c(k) = k**3 + 11*k**2 - k + 2. Let v be c(d). Let t = v + 0. What is the tens digit of t?
1
Suppose 3*r - 45 = 138. Let q be 12/42 - r/(-7). Suppose q = -5*c + 109. What is the tens digit of c?
2
Let g(k) = -k**2 + 3*k + 12. Let i be g(5). Suppose 0 = -4*n + r - 4*r - i, 2*r = 2*n - 6. What is the units digit of (-4 - -20)*(3 - n)?
2
Suppose -6*s = z - 4*s - 545, -4*z + 5*s + 2128 = 0. What is the units digit of z?
7
Let d = -9 - 71. Let o = d + 251. What is the hundreds digit of o?
1
Let v(o) = -o**3 + 2*o**2 - 4*o + 2. Let p be v(2). Let j be p/(-10) - 526/10. What is the tens digit of (8 + j)*(-1)/4?
1
Let u be ((-18)/(-4))/((-3)/18). Let v = 151 + u. What is the tens digit of v?
2
Suppose u = 4*r + 105, 5*r - 5*u + 42 = -78. Let k = 45 + r. Let w = 24 - k. What is the units digit of w?
6
Let o be ((-5)/1)/5*6. Let a be (-534)/27 + o/27. Let g = a - -82. What is the tens digit of g?
6
Let o = -4298 + 6116. What is the thousands digit of o?
1
Suppose -5*o - 10540 = -5*v, -3*v + 23*o + 6348 = 26*o. What is the units digit of v?
2
Suppose 0 = -20*s + 25*s - 80. Let u = 19 - s. What is the units digit of u?
3
Let f = -89 - -459. What is the units digit of f?
0
Let o = -8 + 17. Let p(x) = x. Let v(g) = 3*g - 4. Let f(n) = -2*p(n) + v(n). What is the units digit of f(o)?
5
Let d = -32 + 44. Suppose 4*g - d = -2*g. What is the units digit of g?
2
Let o(r) = 77*r**2 - 54*r - 316. What is the tens digit of o(-5)?
7
Let r(d) = -2*d - 1. Let t(b) = 3*b + 9 + b - 3. Let f be t(-3). What is the tens digit of r(f)?
1
Let h(l) = -143*l + 117. What is the hundreds digit of h(-5)?
8
Suppose 0 = -4*u + 109 + 151. Suppose -6*p = 221 + 7. Let c = u + p. What is the units digit of c?
7
Let c(x) be the third derivative of -x**5/60 - 11*x**4/24 + x**3/3 - 23*x**2. Let 